{"id":3354,"date":"2018-01-08T15:51:07","date_gmt":"2018-01-08T14:51:07","guid":{"rendered":"https:\/\/praxis-auch-schmidt.de\/?page_id=3354\/"},"modified":"2018-01-08T15:51:43","modified_gmt":"2018-01-08T14:51:43","slug":"ambitos-de-especializacion","status":"publish","type":"page","link":"https:\/\/praxis-auch-schmidt.de\/es\/ambitos-de-especializacion\/","title":{"rendered":"\u00c1MBITOS DE ESPECIALIZACI\u00d3N"},"content":{"rendered":"<p><img loading=\"lazy\" decoding=\"async\" class=\"alignnone size-full wp-image-230\" src=\"\/wp-content\/uploads\/2013\/01\/header_schwerpunkte.jpg\" alt=\"Spezialgebiete\" width=\"850\" height=\"400\" srcset=\"https:\/\/praxis-auch-schmidt.de\/wp-content\/uploads\/2013\/01\/header_schwerpunkte.jpg 850w, https:\/\/praxis-auch-schmidt.de\/wp-content\/uploads\/2013\/01\/header_schwerpunkte-300x141.jpg 300w, https:\/\/praxis-auch-schmidt.de\/wp-content\/uploads\/2013\/01\/header_schwerpunkte-624x293.jpg 624w\" sizes=\"auto, (max-width: 850px) 100vw, 850px\" \/><\/p>\n<h1>\u00c1MBITOS DE ESPECIALIZACI\u00d3N<\/h1>\n<div class='content-column one_half spalte'>Estamos especializados en el tratamiento de miedos y fobias. Entre ellos figuran:<br \/>\nagorafobia, que t\u00edpicamente se presenta en casos de aglomeraciones, lugares cerrados o en medios de transporte y que casi siempre va acompa\u00f1ada de ataques de p\u00e1nico o miedo a sufrir un ataque de p\u00e1nico. Miedos sociales, es decir, miedo o cohibici\u00f3n en el trato con otras personas como, p. ej., miedo a sonrojarse o a temblar en p\u00fablico o a hacer el rid\u00edculo de cualquier otro modo.<br \/>\nMiedo a los ex\u00e1menes o a situaciones asociadas al rendimiento, como competiciones o actuaciones en p\u00fablico.<br \/>\nMiedo a sufrir enfermedades o miedos generalizados.<br \/>\nMiedos con detonantes especiales como las ara\u00f1as, las serpientes, las agujas o la sangre.<\/p>\n<p>El tratamiento se inicia con un an\u00e1lisis preciso de las causas: \u00bfCu\u00e1ndo o a partir de qu\u00e9 vivencias empezaron los miedos? \u00bfQu\u00e9 situaciones de su vida propiciaron su aparici\u00f3n? \u00bfPor qu\u00e9 aparece el problema en esta fase de la vida? \u00bfEn qu\u00e9 puntos no llevo una vida equilibrada y cu\u00e1l es la causa para haber perdido el equilibrio? \u00bfQu\u00e9 es lo que motiva que el problema permanezca ah\u00ed? Seg\u00fan el tipo y la dimensi\u00f3n de los factores en los que se base el miedo, trabajamos centr\u00e1ndonos m\u00e1s bien en el s\u00edntoma para poder volver a equilibrar la situaci\u00f3n actual o mediante procedimientos basados en la terapia del trauma para abordar experiencias extremadamente negativas.<\/p>\n<p><strong>Terapia de pareja de parejas binacionales:<\/strong> al principio de cualquier relaci\u00f3n, a menudo nos fascina especialmente lo distinto y lo desconocido. En la vida cotidiana, en alg\u00fan momento nos atrapa la rutina. Si las exigencias externas son altas (cargas profesionales, falta de tiempo, crianza de hijos), resulta dif\u00edcil cuidar lo suficiente la relaci\u00f3n y que \u00e9sta se siga desarrollando. Dichos factores de estr\u00e9s son a menudo m\u00e1s extremos en parejas binacionales. El miembro de la pareja que ha venido a Alemania ha dejado atr\u00e1s a su familia y su hogar y debe adaptarse a una nueva cultura y a una nueva lengua. Cada aspecto extra\u00f1o de la pareja, que al principio nos fascinaba, resulta ahora con frecuencia dif\u00edcil de comprender. Aparecen las peleas y el distanciamiento. Les ayudamos a reencontrarse, a manejar mejor las situaciones de conflicto o a comprenderse mejor el uno al otro. Cuando uno de los miembros de la pareja procede de un pa\u00eds de habla hispana, la terapia puede tener lugar en espa\u00f1ol.<\/p>\n<p>Los costes de la terapia de pareja no los cubre el seguro m\u00e9dico.<\/div>\n<div class='content-column one_half spalte-right'>Otra especialidad de tratamiento son <strong>los estados de agotamiento, el s\u00edndrome de desgaste<\/strong> profesional (burnout) y las depresiones. En un mundo lleno de todo tipo de exigencias, a menudo es dif\u00edcil economizar nuestras propias fuerzas. Las exigencias excesivas permanentes, las dificultades en el puesto de trabajo, el propio perfeccionismo, las relaciones que nos dejan sin energ\u00eda o acontecimientos extremadamente negativos pueden provocar s\u00edntomas depresivos. Analizamos con usted los factores desencadenantes y los que se perpet\u00faan, le ayudamos en el manejo del des\u00e1nimo y del vac\u00edo. Le apoyamos en el proceso de darle forma a su vida de un modo equilibrado, de poner en tela de juicio actitudes habituales y de proponerse objetivos realistas. Y tambi\u00e9n le ayudamos a que encuentre de nuevo un sentido a su vida y a que pueda volver a acceder a sus fuentes de energ\u00eda.<\/p>\n<p>El \u00faltimo campo de especializaci\u00f3n se refiere a la sexualidad. La especializaci\u00f3n primordial del terapeuta Stephan Auch-Schmidt son los temas relacionados con la <strong>sexualidad del hombre<\/strong>. Trata a hombres con adicci\u00f3n al sexo, consumo desmesurado de pornograf\u00eda en internet, falta de deseo sexual o conductas sexuales at\u00edpicas. Muchos pacientes que sufren trastornos de erecci\u00f3n acuden a nuestra consulta. Los trastornos de erecci\u00f3n desarrollan una propia din\u00e1mica muy negativa. Cuando un trastorno se manifiesta una vez, el miedo al fracaso provoca estr\u00e9s interno que, a su vez, hace que el deseo y la excitaci\u00f3n se cohiban y que favorece la aparici\u00f3n de \u201cfracasos\u201d reiterados. Le ayudamos a reconocer las causas del problema y a romper el c\u00edrculo vicioso de miedo, tensi\u00f3n y p\u00e9rdida de la erecci\u00f3n. En este caso, a menudo es recomendable hacer la terapia con la pareja.<\/div>\n","protected":false},"excerpt":{"rendered":"<p>\u00c1MBITOS DE ESPECIALIZACI\u00d3N<\/p>\n","protected":false},"author":1,"featured_media":0,"parent":0,"menu_order":0,"comment_status":"closed","ping_status":"closed","template":"","meta":{"footnotes":""},"class_list":["post-3354","page","type-page","status-publish","hentry"],"yoast_head":"<!-- This site is optimized with the Yoast SEO plugin v26.3 - https:\/\/yoast.com\/wordpress\/plugins\/seo\/ -->\n<title>\u00c1MBITOS DE ESPECIALIZACI\u00d3N - Praxis Auch-Schmidt<\/title>\n<meta name=\"robots\" content=\"index, follow, max-snippet:-1, max-image-preview:large, max-video-preview:-1\" \/>\n<link rel=\"canonical\" href=\"https:\/\/praxis-auch-schmidt.de\/es\/ambitos-de-especializacion\/\" \/>\n<meta property=\"og:locale\" content=\"es_ES\" \/>\n<meta property=\"og:type\" content=\"article\" \/>\n<meta property=\"og:title\" content=\"\u00c1MBITOS DE ESPECIALIZACI\u00d3N - Praxis Auch-Schmidt\" \/>\n<meta property=\"og:description\" content=\"\u00c1MBITOS DE ESPECIALIZACI\u00d3N\" \/>\n<meta property=\"og:url\" content=\"https:\/\/praxis-auch-schmidt.de\/es\/ambitos-de-especializacion\/\" \/>\n<meta property=\"og:site_name\" content=\"Praxis Auch-Schmidt\" \/>\n<meta property=\"article:modified_time\" content=\"2018-01-08T14:51:43+00:00\" \/>\n<meta name=\"twitter:label1\" content=\"Tiempo de lectura\" \/>\n\t<meta name=\"twitter:data1\" content=\"4 minutos\" \/>\n<script type=\"application\/ld+json\" class=\"yoast-schema-graph\">{\"@context\":\"https:\/\/schema.org\",\"@graph\":[{\"@type\":\"WebPage\",\"@id\":\"https:\/\/praxis-auch-schmidt.de\/es\/ambitos-de-especializacion\/\",\"url\":\"https:\/\/praxis-auch-schmidt.de\/es\/ambitos-de-especializacion\/\",\"name\":\"\u00c1MBITOS DE ESPECIALIZACI\u00d3N - Praxis Auch-Schmidt\",\"isPartOf\":{\"@id\":\"https:\/\/praxis-auch-schmidt.de\/#website\"},\"datePublished\":\"2018-01-08T14:51:07+00:00\",\"dateModified\":\"2018-01-08T14:51:43+00:00\",\"breadcrumb\":{\"@id\":\"https:\/\/praxis-auch-schmidt.de\/es\/ambitos-de-especializacion\/#breadcrumb\"},\"inLanguage\":\"es\",\"potentialAction\":[{\"@type\":\"ReadAction\",\"target\":[\"https:\/\/praxis-auch-schmidt.de\/es\/ambitos-de-especializacion\/\"]}]},{\"@type\":\"BreadcrumbList\",\"@id\":\"https:\/\/praxis-auch-schmidt.de\/es\/ambitos-de-especializacion\/#breadcrumb\",\"itemListElement\":[{\"@type\":\"ListItem\",\"position\":1,\"name\":\"Home\",\"item\":\"https:\/\/praxis-auch-schmidt.de\/es\/\"},{\"@type\":\"ListItem\",\"position\":2,\"name\":\"\u00c1MBITOS DE ESPECIALIZACI\u00d3N\"}]},{\"@type\":\"WebSite\",\"@id\":\"https:\/\/praxis-auch-schmidt.de\/#website\",\"url\":\"https:\/\/praxis-auch-schmidt.de\/\",\"name\":\"Praxis Auch-Schmidt\",\"description\":\"\",\"potentialAction\":[{\"@type\":\"SearchAction\",\"target\":{\"@type\":\"EntryPoint\",\"urlTemplate\":\"https:\/\/praxis-auch-schmidt.de\/?s={search_term_string}\"},\"query-input\":{\"@type\":\"PropertyValueSpecification\",\"valueRequired\":true,\"valueName\":\"search_term_string\"}}],\"inLanguage\":\"es\"}]}<\/script>\n<!-- \/ Yoast SEO plugin. -->","yoast_head_json":{"title":"\u00c1MBITOS DE ESPECIALIZACI\u00d3N - Praxis Auch-Schmidt","robots":{"index":"index","follow":"follow","max-snippet":"max-snippet:-1","max-image-preview":"max-image-preview:large","max-video-preview":"max-video-preview:-1"},"canonical":"https:\/\/praxis-auch-schmidt.de\/es\/ambitos-de-especializacion\/","og_locale":"es_ES","og_type":"article","og_title":"\u00c1MBITOS DE ESPECIALIZACI\u00d3N - Praxis Auch-Schmidt","og_description":"\u00c1MBITOS DE ESPECIALIZACI\u00d3N","og_url":"https:\/\/praxis-auch-schmidt.de\/es\/ambitos-de-especializacion\/","og_site_name":"Praxis Auch-Schmidt","article_modified_time":"2018-01-08T14:51:43+00:00","twitter_misc":{"Tiempo de lectura":"4 minutos"},"schema":{"@context":"https:\/\/schema.org","@graph":[{"@type":"WebPage","@id":"https:\/\/praxis-auch-schmidt.de\/es\/ambitos-de-especializacion\/","url":"https:\/\/praxis-auch-schmidt.de\/es\/ambitos-de-especializacion\/","name":"\u00c1MBITOS DE ESPECIALIZACI\u00d3N - Praxis Auch-Schmidt","isPartOf":{"@id":"https:\/\/praxis-auch-schmidt.de\/#website"},"datePublished":"2018-01-08T14:51:07+00:00","dateModified":"2018-01-08T14:51:43+00:00","breadcrumb":{"@id":"https:\/\/praxis-auch-schmidt.de\/es\/ambitos-de-especializacion\/#breadcrumb"},"inLanguage":"es","potentialAction":[{"@type":"ReadAction","target":["https:\/\/praxis-auch-schmidt.de\/es\/ambitos-de-especializacion\/"]}]},{"@type":"BreadcrumbList","@id":"https:\/\/praxis-auch-schmidt.de\/es\/ambitos-de-especializacion\/#breadcrumb","itemListElement":[{"@type":"ListItem","position":1,"name":"Home","item":"https:\/\/praxis-auch-schmidt.de\/es\/"},{"@type":"ListItem","position":2,"name":"\u00c1MBITOS DE ESPECIALIZACI\u00d3N"}]},{"@type":"WebSite","@id":"https:\/\/praxis-auch-schmidt.de\/#website","url":"https:\/\/praxis-auch-schmidt.de\/","name":"Praxis Auch-Schmidt","description":"","potentialAction":[{"@type":"SearchAction","target":{"@type":"EntryPoint","urlTemplate":"https:\/\/praxis-auch-schmidt.de\/?s={search_term_string}"},"query-input":{"@type":"PropertyValueSpecification","valueRequired":true,"valueName":"search_term_string"}}],"inLanguage":"es"}]}},"_links":{"self":[{"href":"https:\/\/praxis-auch-schmidt.de\/es\/wp-json\/wp\/v2\/pages\/3354","targetHints":{"allow":["GET"]}}],"collection":[{"href":"https:\/\/praxis-auch-schmidt.de\/es\/wp-json\/wp\/v2\/pages"}],"about":[{"href":"https:\/\/praxis-auch-schmidt.de\/es\/wp-json\/wp\/v2\/types\/page"}],"author":[{"embeddable":true,"href":"https:\/\/praxis-auch-schmidt.de\/es\/wp-json\/wp\/v2\/users\/1"}],"replies":[{"embeddable":true,"href":"https:\/\/praxis-auch-schmidt.de\/es\/wp-json\/wp\/v2\/comments?post=3354"}],"version-history":[{"count":3,"href":"https:\/\/praxis-auch-schmidt.de\/es\/wp-json\/wp\/v2\/pages\/3354\/revisions"}],"predecessor-version":[{"id":3356,"href":"https:\/\/praxis-auch-schmidt.de\/es\/wp-json\/wp\/v2\/pages\/3354\/revisions\/3356"}],"wp:attachment":[{"href":"https:\/\/praxis-auch-schmidt.de\/es\/wp-json\/wp\/v2\/media?parent=3354"}],"curies":[{"name":"wp","href":"https:\/\/api.w.org\/{rel}","templated":true}]}}

ÁMBITOS DE ESPECIALIZACIÓN

<p><img loading="lazy" decoding="async" class="alignnone size-full wp-image-230" src="/wp-content/uploads/2013/01/header_schwerpunkte.jpg" alt="Spezialgebiete" width="850" height="400" srcset="https://praxis-auch-schmidt.de/wp-content/uploads/2013/01/header_schwerpunkte.jpg 850w, https://praxis-auch-schmidt.de/wp-content/uploads/2013/01/header_schwerpunkte-300x141.jpg 300w, https://praxis-auch-schmidt.de/wp-content/uploads/2013/01/header_schwerpunkte-624x293.jpg 624w" sizes="auto, (max-width: 850px) 100vw, 850px" /></p>
<h1>ÁMBITOS DE ESPECIALIZACIÓN</h1>
<div class='content-column one_half spalte'>Estamos especializados en el tratamiento de miedos y fobias. Entre ellos figuran:<br />
agorafobia, que típicamente se presenta en casos de aglomeraciones, lugares cerrados o en medios de transporte y que casi siempre va acompañada de ataques de pánico o miedo a sufrir un ataque de pánico. Miedos sociales, es decir, miedo o cohibición en el trato con otras personas como, p. ej., miedo a sonrojarse o a temblar en público o a hacer el ridículo de cualquier otro modo.<br />
Miedo a los exámenes o a situaciones asociadas al rendimiento, como competiciones o actuaciones en público.<br />
Miedo a sufrir enfermedades o miedos generalizados.<br />
Miedos con detonantes especiales como las arañas, las serpientes, las agujas o la sangre.</p>
<p>El tratamiento se inicia con un análisis preciso de las causas: ¿Cuándo o a partir de qué vivencias empezaron los miedos? ¿Qué situaciones de su vida propiciaron su aparición? ¿Por qué aparece el problema en esta fase de la vida? ¿En qué puntos no llevo una vida equilibrada y cuál es la causa para haber perdido el equilibrio? ¿Qué es lo que motiva que el problema permanezca ahí? Según el tipo y la dimensión de los factores en los que se base el miedo, trabajamos centrándonos más bien en el síntoma para poder volver a equilibrar la situación actual o mediante procedimientos basados en la terapia del trauma para abordar experiencias extremadamente negativas.</p>
<p><strong>Terapia de pareja de parejas binacionales:</strong> al principio de cualquier relación, a menudo nos fascina especialmente lo distinto y lo desconocido. En la vida cotidiana, en algún momento nos atrapa la rutina. Si las exigencias externas son altas (cargas profesionales, falta de tiempo, crianza de hijos), resulta difícil cuidar lo suficiente la relación y que ésta se siga desarrollando. Dichos factores de estrés son a menudo más extremos en parejas binacionales. El miembro de la pareja que ha venido a Alemania ha dejado atrás a su familia y su hogar y debe adaptarse a una nueva cultura y a una nueva lengua. Cada aspecto extraño de la pareja, que al principio nos fascinaba, resulta ahora con frecuencia difícil de comprender. Aparecen las peleas y el distanciamiento. Les ayudamos a reencontrarse, a manejar mejor las situaciones de conflicto o a comprenderse mejor el uno al otro. Cuando uno de los miembros de la pareja procede de un país de habla hispana, la terapia puede tener lugar en español.</p>
<p>Los costes de la terapia de pareja no los cubre el seguro médico.</div>
<div class='content-column one_half spalte-right'>Otra especialidad de tratamiento son <strong>los estados de agotamiento, el síndrome de desgaste</strong> profesional (burnout) y las depresiones. En un mundo lleno de todo tipo de exigencias, a menudo es difícil economizar nuestras propias fuerzas. Las exigencias excesivas permanentes, las dificultades en el puesto de trabajo, el propio perfeccionismo, las relaciones que nos dejan sin energía o acontecimientos extremadamente negativos pueden provocar síntomas depresivos. Analizamos con usted los factores desencadenantes y los que se perpetúan, le ayudamos en el manejo del desánimo y del vacío. Le apoyamos en el proceso de darle forma a su vida de un modo equilibrado, de poner en tela de juicio actitudes habituales y de proponerse objetivos realistas. Y también le ayudamos a que encuentre de nuevo un sentido a su vida y a que pueda volver a acceder a sus fuentes de energía.</p>
<p>El último campo de especialización se refiere a la sexualidad. La especialización primordial del terapeuta Stephan Auch-Schmidt son los temas relacionados con la <strong>sexualidad del hombre</strong>. Trata a hombres con adicción al sexo, consumo desmesurado de pornografía en internet, falta de deseo sexual o conductas sexuales atípicas. Muchos pacientes que sufren trastornos de erección acuden a nuestra consulta. Los trastornos de erección desarrollan una propia dinámica muy negativa. Cuando un trastorno se manifiesta una vez, el miedo al fracaso provoca estrés interno que, a su vez, hace que el deseo y la excitación se cohiban y que favorece la aparición de “fracasos” reiterados. Le ayudamos a reconocer las causas del problema y a romper el círculo vicioso de miedo, tensión y pérdida de la erección. En este caso, a menudo es recomendable hacer la terapia con la pareja.</div>

<p>ÁMBITOS DE ESPECIALIZACIÓN</p>

<!-- This site is optimized with the Yoast SEO plugin v26.3 - https://yoast.com/wordpress/plugins/seo/ -->
<title>ÁMBITOS DE ESPECIALIZACIÓN - Praxis Auch-Schmidt</title>
<meta name="robots" content="index, follow, max-snippet:-1, max-image-preview:large, max-video-preview:-1" />
<link rel="canonical" href="https://praxis-auch-schmidt.de/es/ambitos-de-especializacion/" />
<meta property="og:locale" content="es_ES" />
<meta property="og:type" content="article" />
<meta property="og:title" content="ÁMBITOS DE ESPECIALIZACIÓN - Praxis Auch-Schmidt" />
<meta property="og:description" content="ÁMBITOS DE ESPECIALIZACIÓN" />
<meta property="og:url" content="https://praxis-auch-schmidt.de/es/ambitos-de-especializacion/" />
<meta property="og:site_name" content="Praxis Auch-Schmidt" />
<meta property="article:modified_time" content="2018-01-08T14:51:43+00:00" />
<meta name="twitter:label1" content="Tiempo de lectura" />
	<meta name="twitter:data1" content="4 minutos" />
<script type="application/ld+json" class="yoast-schema-graph">{"@context":"https://schema.org","@graph":[{"@type":"WebPage","@id":"https://praxis-auch-schmidt.de/es/ambitos-de-especializacion/","url":"https://praxis-auch-schmidt.de/es/ambitos-de-especializacion/","name":"ÁMBITOS DE ESPECIALIZACIÓN - Praxis Auch-Schmidt","isPartOf":{"@id":"https://praxis-auch-schmidt.de/#website"},"datePublished":"2018-01-08T14:51:07+00:00","dateModified":"2018-01-08T14:51:43+00:00","breadcrumb":{"@id":"https://praxis-auch-schmidt.de/es/ambitos-de-especializacion/#breadcrumb"},"inLanguage":"es","potentialAction":[{"@type":"ReadAction","target":["https://praxis-auch-schmidt.de/es/ambitos-de-especializacion/"]}]},{"@type":"BreadcrumbList","@id":"https://praxis-auch-schmidt.de/es/ambitos-de-especializacion/#breadcrumb","itemListElement":[{"@type":"ListItem","position":1,"name":"Home","item":"https://praxis-auch-schmidt.de/es/"},{"@type":"ListItem","position":2,"name":"ÁMBITOS DE ESPECIALIZACIÓN"}]},{"@type":"WebSite","@id":"https://praxis-auch-schmidt.de/#website","url":"https://praxis-auch-schmidt.de/","name":"Praxis Auch-Schmidt","description":"","potentialAction":[{"@type":"SearchAction","target":{"@type":"EntryPoint","urlTemplate":"https://praxis-auch-schmidt.de/?s={search_term_string}"},"query-input":{"@type":"PropertyValueSpecification","valueRequired":true,"valueName":"search_term_string"}}],"inLanguage":"es"}]}</script>
<!-- / Yoast SEO plugin. -->

ÁMBITOS DE ESPECIALIZACIÓN - Praxis Auch-Schmidt
